{"id":8937,"date":"2019-07-12T07:39:07","date_gmt":"2019-07-12T07:39:07","guid":{"rendered":"https:\/\/www.telfy.com\/blog\/programacion-semana-copy\/"},"modified":"2022-08-09T18:36:45","modified_gmt":"2022-08-09T18:36:45","slug":"programacion-tv","status":"publish","type":"page","link":"https:\/\/www.telfy.com\/blog\/programacion-tv\/","title":{"rendered":"Programaci\u00f3n"},"content":{"rendered":"<p><iframe loading=\"lazy\" title=\"EPG de canales telfyTV\" src=\"https:\/\/hbbtv.telfy.com\/epg\" width=\"100%\" height=\"2000\" frameborder=\"0\" allowfullscreen=\"allowfullscreen\"><\/iframe><\/p>\n<style>\n.site-content {padding: 0}\n.wrapper {display: none}\n<\/style>\n","protected":false},"excerpt":{"rendered":"","protected":false},"author":1,"featured_media":0,"parent":0,"menu_order":0,"comment_status":"closed","ping_status":"closed","template":"elementor_header_footer","meta":{"footnotes":""},"yoast_head":"<!-- This site is optimized with the Yoast SEO plugin v21.2 - https:\/\/yoast.com\/wordpress\/plugins\/seo\/ -->\n<title>Programaci\u00f3n - Blog Telfy<\/title>\n<meta name=\"description\" content=\"Consulta la programaci\u00f3n de TelfyTV, de lunes a viernes, s\u00e1bado y domingo\" \/>\n<meta name=\"robots\" content=\"index, follow, max-snippet:-1, max-image-preview:large, max-video-preview:-1\" \/>\n<link rel=\"canonical\" href=\"https:\/\/www.telfy.com\/blog\/programacion-tv\/\" \/>\n<meta property=\"og:locale\" content=\"es_ES\" \/>\n<meta property=\"og:type\" content=\"article\" \/>\n<meta property=\"og:title\" content=\"Programaci\u00f3n - Blog Telfy\" \/>\n<meta property=\"og:description\" content=\"Consulta la programaci\u00f3n de TelfyTV, de lunes a viernes, s\u00e1bado y domingo\" \/>\n<meta property=\"og:url\" content=\"https:\/\/www.telfy.com\/blog\/programacion-tv\/\" \/>\n<meta property=\"og:site_name\" content=\"Blog Telfy\" \/>\n<meta property=\"article:modified_time\" content=\"2022-08-09T18:36:45+00:00\" \/>\n<meta name=\"twitter:card\" content=\"summary_large_image\" \/>\n<script type=\"application\/ld+json\" class=\"yoast-schema-graph\">{\"@context\":\"https:\/\/schema.org\",\"@graph\":[{\"@type\":\"WebPage\",\"@id\":\"https:\/\/www.telfy.com\/blog\/programacion-tv\/\",\"url\":\"https:\/\/www.telfy.com\/blog\/programacion-tv\/\",\"name\":\"Programaci\u00f3n - Blog Telfy\",\"isPartOf\":{\"@id\":\"https:\/\/www.telfy.com\/blog\/#website\"},\"datePublished\":\"2019-07-12T07:39:07+00:00\",\"dateModified\":\"2022-08-09T18:36:45+00:00\",\"description\":\"Consulta la programaci\u00f3n de TelfyTV, de lunes a viernes, s\u00e1bado y domingo\",\"breadcrumb\":{\"@id\":\"https:\/\/www.telfy.com\/blog\/programacion-tv\/#breadcrumb\"},\"inLanguage\":\"es\",\"potentialAction\":[{\"@type\":\"ReadAction\",\"target\":[\"https:\/\/www.telfy.com\/blog\/programacion-tv\/\"]}]},{\"@type\":\"BreadcrumbList\",\"@id\":\"https:\/\/www.telfy.com\/blog\/programacion-tv\/#breadcrumb\",\"itemListElement\":[{\"@type\":\"ListItem\",\"position\":1,\"name\":\"Portada\",\"item\":\"https:\/\/www.telfy.com\/blog\/\"},{\"@type\":\"ListItem\",\"position\":2,\"name\":\"Programaci\u00f3n\"}]},{\"@type\":\"WebSite\",\"@id\":\"https:\/\/www.telfy.com\/blog\/#website\",\"url\":\"https:\/\/www.telfy.com\/blog\/\",\"name\":\"Blog Telfy\",\"description\":\"Blog sobre promociones, curiosidades y consejos\",\"publisher\":{\"@id\":\"https:\/\/www.telfy.com\/blog\/#organization\"},\"potentialAction\":[{\"@type\":\"SearchAction\",\"target\":{\"@type\":\"EntryPoint\",\"urlTemplate\":\"https:\/\/www.telfy.com\/blog\/?s={search_term_string}\"},\"query-input\":\"required name=search_term_string\"}],\"inLanguage\":\"es\"},{\"@type\":\"Organization\",\"@id\":\"https:\/\/www.telfy.com\/blog\/#organization\",\"name\":\"Blog Telfy\",\"url\":\"https:\/\/www.telfy.com\/blog\/\",\"logo\":{\"@type\":\"ImageObject\",\"inLanguage\":\"es\",\"@id\":\"https:\/\/www.telfy.com\/blog\/#\/schema\/logo\/image\/\",\"url\":\"https:\/\/www.telfy.com\/blog\/wp-content\/uploads\/2022\/01\/cropped-logo-telfy-ok2.png\",\"contentUrl\":\"https:\/\/www.telfy.com\/blog\/wp-content\/uploads\/2022\/01\/cropped-logo-telfy-ok2.png\",\"width\":165,\"height\":68,\"caption\":\"Blog Telfy\"},\"image\":{\"@id\":\"https:\/\/www.telfy.com\/blog\/#\/schema\/logo\/image\/\"}}]}<\/script>\n<!-- \/ Yoast SEO plugin. -->","yoast_head_json":{"title":"Programaci\u00f3n - Blog Telfy","description":"Consulta la programaci\u00f3n de TelfyTV, de lunes a viernes, s\u00e1bado y domingo","robots":{"index":"index","follow":"follow","max-snippet":"max-snippet:-1","max-image-preview":"max-image-preview:large","max-video-preview":"max-video-preview:-1"},"canonical":"https:\/\/www.telfy.com\/blog\/programacion-tv\/","og_locale":"es_ES","og_type":"article","og_title":"Programaci\u00f3n - Blog Telfy","og_description":"Consulta la programaci\u00f3n de TelfyTV, de lunes a viernes, s\u00e1bado y domingo","og_url":"https:\/\/www.telfy.com\/blog\/programacion-tv\/","og_site_name":"Blog Telfy","article_modified_time":"2022-08-09T18:36:45+00:00","twitter_card":"summary_large_image","schema":{"@context":"https:\/\/schema.org","@graph":[{"@type":"WebPage","@id":"https:\/\/www.telfy.com\/blog\/programacion-tv\/","url":"https:\/\/www.telfy.com\/blog\/programacion-tv\/","name":"Programaci\u00f3n - Blog Telfy","isPartOf":{"@id":"https:\/\/www.telfy.com\/blog\/#website"},"datePublished":"2019-07-12T07:39:07+00:00","dateModified":"2022-08-09T18:36:45+00:00","description":"Consulta la programaci\u00f3n de TelfyTV, de lunes a viernes, s\u00e1bado y domingo","breadcrumb":{"@id":"https:\/\/www.telfy.com\/blog\/programacion-tv\/#breadcrumb"},"inLanguage":"es","potentialAction":[{"@type":"ReadAction","target":["https:\/\/www.telfy.com\/blog\/programacion-tv\/"]}]},{"@type":"BreadcrumbList","@id":"https:\/\/www.telfy.com\/blog\/programacion-tv\/#breadcrumb","itemListElement":[{"@type":"ListItem","position":1,"name":"Portada","item":"https:\/\/www.telfy.com\/blog\/"},{"@type":"ListItem","position":2,"name":"Programaci\u00f3n"}]},{"@type":"WebSite","@id":"https:\/\/www.telfy.com\/blog\/#website","url":"https:\/\/www.telfy.com\/blog\/","name":"Blog Telfy","description":"Blog sobre promociones, curiosidades y consejos","publisher":{"@id":"https:\/\/www.telfy.com\/blog\/#organization"},"potentialAction":[{"@type":"SearchAction","target":{"@type":"EntryPoint","urlTemplate":"https:\/\/www.telfy.com\/blog\/?s={search_term_string}"},"query-input":"required name=search_term_string"}],"inLanguage":"es"},{"@type":"Organization","@id":"https:\/\/www.telfy.com\/blog\/#organization","name":"Blog Telfy","url":"https:\/\/www.telfy.com\/blog\/","logo":{"@type":"ImageObject","inLanguage":"es","@id":"https:\/\/www.telfy.com\/blog\/#\/schema\/logo\/image\/","url":"https:\/\/www.telfy.com\/blog\/wp-content\/uploads\/2022\/01\/cropped-logo-telfy-ok2.png","contentUrl":"https:\/\/www.telfy.com\/blog\/wp-content\/uploads\/2022\/01\/cropped-logo-telfy-ok2.png","width":165,"height":68,"caption":"Blog Telfy"},"image":{"@id":"https:\/\/www.telfy.com\/blog\/#\/schema\/logo\/image\/"}}]}},"_links":{"self":[{"href":"https:\/\/www.telfy.com\/blog\/wp-json\/wp\/v2\/pages\/8937"}],"collection":[{"href":"https:\/\/www.telfy.com\/blog\/wp-json\/wp\/v2\/pages"}],"about":[{"href":"https:\/\/www.telfy.com\/blog\/wp-json\/wp\/v2\/types\/page"}],"author":[{"embeddable":true,"href":"https:\/\/www.telfy.com\/blog\/wp-json\/wp\/v2\/users\/1"}],"replies":[{"embeddable":true,"href":"https:\/\/www.telfy.com\/blog\/wp-json\/wp\/v2\/comments?post=8937"}],"version-history":[{"count":63,"href":"https:\/\/www.telfy.com\/blog\/wp-json\/wp\/v2\/pages\/8937\/revisions"}],"predecessor-version":[{"id":22510,"href":"https:\/\/www.telfy.com\/blog\/wp-json\/wp\/v2\/pages\/8937\/revisions\/22510"}],"wp:attachment":[{"href":"https:\/\/www.telfy.com\/blog\/wp-json\/wp\/v2\/media?parent=8937"}],"curies":[{"name":"wp","href":"https:\/\/api.w.org\/{rel}","templated":true}]}}